or of 17488 and 261227.
1093
What is the highest common factor of 10 and 296725?
5
Calculate the greatest common factor of 18898 and 902.
22
Calculate the greatest common divisor of 204 and 65348.
68
What is the highest common factor of 11016 and 4437?
153
What is the highest common factor of 243618 and 2451?
57
What is the greatest common divisor of 54 and 657?
9
What is the highest common divisor of 318 and 1140?
6
Calculate the highest common factor of 34416 and 468.
36
Calculate the highest common divisor of 42406 and 15378.
466
What is the highest common factor of 1222306 and 8270?
1654
Calculate the highest common divisor of 38906 and 12544.
98
What is the highest common factor of 8445 and 45?
15
What is the greatest common divisor of 140299 and 1828?
457
Calculate the greatest common divisor of 2880 and 468.
36
Calculate the highest common factor of 331109 and 731.
17
What is the greatest common divisor of 2000 and 304?
16
Calculate the highest common divisor of 45 and 363600.
45
What is the highest common divisor of 2071108 and 52?
52
What is the highest common divisor of 99 and 59895?
99
Calculate the highest common divisor of 11894 and 7600.
38
Calculate the greatest common factor of 31314 and 1326.
102
Calculate the highest common factor of 2751 and 34167.
21
What is the highest common divisor of 28 and 2016?
28
What is the highest common divisor of 163071 and 9?
9
Calculate the greatest common divisor of 1647185 and 155.
155
What is the highest common factor of 4480 and 5180?
140
Calculate the greatest common divisor of 579024 and 864.
144
Calculate the highest common divisor of 5304 and 10829.
221
Calculate the highest common divisor of 710 and 226845.
355
What is the greatest common divisor of 28907 and 422?
211
Calculate the greatest common factor of 515268 and 20358.
702
What is the highest common divisor of 122102 and 10?
2
Calculate the highest common factor of 100226 and 224.
14
Calculate the greatest common divisor of 27 and 44181.
9
What is the highest common divisor of 427958 and 7368?
614
Calculate the greatest common divisor of 52 and 281788.
52
What is the greatest common divisor of 79871 and 583?
583
What is the highest common factor of 163602 and 183?
183
What is the greatest common factor of 52764 and 60?
12
What is the greatest common factor of 70 and 68278?
14
What is the highest common divisor of 354365 and 340?
85
What is the greatest common divisor of 175 and 240905?
35
Calculate the highest common factor of 1027 and 1029686.
79
What is the greatest common divisor of 1336 and 192217?
167
Calculate the greatest common factor of 4351 and 427772.
229
Calculate the greatest common divisor of 4 and 1893652.
4
What is the greatest common divisor of 3913 and 143577?
301
Calculate the highest common divisor of 89011 and 9061.
533
Calculate the highest common factor of 13344 and 60.
12
What is the highest common factor of 238 and 152558?
238
What is the highest common factor of 164245 and 1228?
307
What is the highest common divisor of 80730 and 675?
135
Calculate the greatest common divisor of 1296 and 328050.
162
What is the highest common factor of 216 and 440316?
108
Calculate the greatest common divisor of 1056859 and 181.
181
Calculate the greatest common factor of 228 and 303.
3
Calculate the greatest common divisor of 750102 and 6.
6
What is the greatest common divisor of 54 and 216906?
6
What is the highest common divisor of 93 and 269111?
31
What is the greatest common factor of 11 and 63569?
11
What is the greatest common divisor of 716 and 5038492?
716
Calculate the highest common divisor of 149380 and 56.
28
Calculate the greatest common factor of 38722 and 66.
2
Calculate the highest common factor of 11847 and 528.
33
Calculate the highest common divisor of 671 and 4037.
11
Calculate the highest common divisor of 24 and 772374.
6
What is the greatest common divisor of 24 and 6742776?
24
Calculate the highest common factor of 521934 and 119.
119
What is the highest common divisor of 2151 and 43?
1
Calculate the highest common factor of 18 and 1366434.
18
What is the highest common factor of 312 and 7150?
26
Calculate the highest common factor of 335399 and 298.
149
Calculate the highest common divisor of 20576 and 16075.
643
What is the highest common divisor of 48 and 208944?
48
Calculate the highest common factor of 39 and 10621.
13
Calculate the highest common factor of 560 and 94480.
80
What is the greatest common divisor of 3848 and 312?
104
Calculate the greatest common factor of 10 and 1147015.
5
What is the highest common factor of 351 and 1944423?
117
Calculate the highest common divisor of 612786 and 564.
282
What is the greatest common factor of 280875 and 1070?
535
What is the highest common divisor of 800 and 21610?
10
Calculate the highest common divisor of 90625 and 145.
145
What is the greatest common factor of 124 and 19158?
62
What is the greatest common factor of 35559 and 135?
27
Calculate the greatest common factor of 20 and 168940.
20
Calculate the highest common factor of 95960 and 25.
5
What is the greatest common factor of 399 and 456?
57
What is the greatest common divisor of 3080 and 32760?
280
Calculate the highest common factor of 336 and 30864.
48
What is the greatest common factor of 280256 and 604?
604
What is the greatest common divisor of 92685 and 23865?
555
What is the greatest common factor of 454870 and 1040?
130
What is the greatest common factor of 19877 and 1390?
139
Calculate the highest common divisor of 8453 and 38520.
107
Calculate the greatest common factor of 105618 and 6.
6
Calculate the highest common factor of 1193400 and 9.
9
Calculate the greatest common divisor of 3381 and 371.
7
Calculate the greatest common factor of 1661068 and 856.
428
What is the greatest common factor of 412744 and 32?
8
Calculate the highest common factor of 2618 and 442.
34
What is the highest common divisor of 2064 and 1634?
86
What is the highest common divisor of 1872 and 74?
2
What is the highest common factor of 175 and 50330?
35
What is the highest common divisor of 390902 and 964?
482
Calculate the highest common divisor of 42 and 3420438.
42
Calculate the highest common factor of 60 and 32880.
60
Calculate the highest common factor of 159984 and 27984.
528
Calculate the highest common factor of 265 and 380.
5
Calculate the highest common factor of 640 and 56192.
128
What is the highest common factor of 884 and 2686?
34
Calculate the greatest common factor of 57 and 9025.
19
What is the greatest common divisor of 458682 and 294?
42
What is the greatest common factor of 707 and 9090?
101
Calculate the highest common divisor of 6183 and 297.
27
What is the highest common factor of 61869 and 7749?
123
Calculate the highest common factor of 44 and 27020.
4
Calculate the highest common factor of 28714 and 13230.
98
What is the greatest common factor of 40122 and 162?
54
What is the greatest common divisor of 1512 and 27264?
24
Calculate the highest common divisor of 320 and 7744.
64
What is the highest common divisor of 1233103 and 1441?
131
Calculate the greatest common divisor of 34 and 288354.
34
Calculate the highest common factor of 11120 and 4.
4
What is the greatest common divisor of 3300 and 208230?
330
What is the greatest common factor of 307640 and 40?
40
Calculate the greatest common factor of 56808 and 168.
24
Calculate the highest common divisor of 193709 and 291.
97
What is the greatest common factor of 802 and 12135062?
802
What is the greatest common factor of 1792250 and 50?
50
What is the greatest common divisor of 2032 and 3856?
16
What is the greatest common factor of 337698 and 54?
18
What is the greatest common divisor of 187 and 5489?
11
Calculate the highest common factor of 166 and 1039658.
166
Calculate the greatest common factor of 923 and 6301321.
923
What is the highest common divisor of 412995 and 495?
165
What is the highest common factor of 2260 and 17345500?
2260
Calculate the highest common factor of 248 and 119722.
62
Calculate the highest common factor of 296173 and 113.
113
Calculate the greatest common factor of 1386 and 7938.
126
Calculate the greatest common factor of 1270 and 550.
10
What is the highest common factor of 8439 and 130